 base 15?
-9775
-27377 (base 8) to base 10
-12031
What is -1b718 (base 12) in base 5?
-2301042
22200000 (base 3) to base 2
1100010101110
Convert -1156 (base 14) to base 12.
-18b4
-3b5 (base 15) to base 4
-31031
Convert 2718 (base 10) to base 3.
10201200
What is -197a (base 11) in base 7?
-10211
What is -ba54 (base 12) in base 9?
-31121
Convert -23332 (base 5) to base 15.
-797
What is -772 (base 8) in base 9?
-622
-5c17 (base 16) to base 11
-16792
Convert 131 (base 15) to base 5.
2041
201212 (base 3) to base 7
1364
What is 1104 (base 11) in base 14?
760
Convert -107 (base 13) to base 3.
-20112
-1b57c (base 14) to base 2
-10001000000111010
What is 37859 (base 11) in base 9?
82402
8657 (base 11) to base 14
424c
What is -24e (base 16) in base 14?
-302
-13bb (base 12) to base 5
-33203
Convert 6958 (base 16) to base 10.
26968
Convert -12200 (base 3) to base 12.
-109
Convert 130 (base 4) to base 15.
1d
Convert 170 (base 16) to base 15.
198
3507 (base 12) to base 4
1130113
Convert 1101001011 (base 2) to base 12.
5a3
Convert 1360 (base 12) to base 16.
8b8
What is -10132001 (base 4) in base 13?
-8441
Convert -266 (base 15) to base 4.
-20202
-22100 (base 3) to base 4
-3201
Convert 755 (base 8) to base 5.
3433
What is -11010101101001 (base 2) in base 5?
-414143
748 (base 14) to base 7
4121
Convert 111101111000110 (base 2) to base 6.
402410
Convert -40130 (base 5) to base 13.
-1205
120210110 (base 3) to base 10
11514
What is 12c5 (base 14) in base 16?
ced
What is 31514 (base 9) in base 12?
1007a
18409 (base 10) to base 8
43751
Convert 253263 (base 7) to base 14.
130a3
38 (base 15) to base 5
203
40365 (base 7) to base 8
23106
What is 124a (base 14) in base 4?
302002
Convert -7772 (base 8) to base 11.
-3089
-3c0d (base 14) to base 6
-121021
-2833 (base 14) to base 6
-52513
Convert 52223 (base 7) to base 3.
122120022
What is -495 (base 11) in base 2?
-1001001100
What is -17057 (base 12) in base 2?
-1000000010000011
Convert -230113 (base 5) to base 9.
-12164
Convert -11667 (base 8) to base 9.
-6827
Convert 2753 (base 9) to base 3.
2211210
What is -190d3 (base 14) in base 13?
-22a70
What is -110100110 (base 2) in base 10?
-422
448 (base 13) to base 2
1011100000
What is 531252 (base 6) in base 13?
167c6
What is -108864 (base 9) in base 11?
-45305
Convert 1818 (base 9) to base 12.
982
Convert -33273 (base 8) to base 9.
-21187
What is 901e (base 16) in base 9?
55543
-1405 (base 10) to base 6
-10301
-23a (base 14) to base 4
-12330
-11111011 (base 2) to base 13
-164
Convert 1906 (base 11) to base 8.
4572
-1054 (base 10) to base 11
-879
What is 4130 (base 5) in base 14?
2a8
573 (base 8) to base 9
461
Convert 78 (base 9) to base 3.
2122
3692 (base 10) to base 3
12001202
Convert -1040124 (base 5) to base 14.
-6896
1122011 (base 3) to base 6
5304
What is -3a3 (base 15) in base 7?
-2262
Convert -569 (base 11) to base 5.
-10210
Convert 8 (base 15) to base 3.
22
6134 (base 9) to base 7
16036
Convert 247 (base 11) to base 14.
16d
b2c4 (base 14) to base 12
15964
-381 (base 16) to base 3
-1020020
What is -1119 (base 13) in base 9?
-3243
Convert -85b (base 12) to base 14.
-635
308 (base 10) to base 7
620
Convert -1b1a (base 15) to base 6.
-43111
719 (base 11) to base 16
363
19410 (base 10) to base 9
28556
259 (base 15) to base 5
4114
-16624 (base 12) to base 13
-11743
Convert 133320 (base 5) to base 4.
1111110
What is -202122 (base 4) in base 8?
-4232
Convert -1902 (base 10) to base 11.
-147a
-1848 (base 9) to base 14
-737
What is 50371 (base 8) in base 12?
bbb5
2831 (base 10) to base 2
101100001111
Convert -2445 (base 13) to base 8.
-12007
-7a60 (base 13) to base 4
-10023323
-110110110100 (base 2) to base 3
-11210221
Convert 1133 (base 6) to base 9.
333
Convert -2a1 (base 16) to base 7.
-1651
Convert -2454 (base 7) to base 3.
-1021010
What is -1270 (base 9) in base 11?
-798
What is 110020 (base 3) in base 16?
14a
-176 (base 12) to base 13
-150
Convert a1c (base 15) to base 7.
6432
What is -447 (base 10) in base 3?
-121120
Convert 500b (base 13) to base 4.
2223310
Convert -2200010 (base 4) to base 5.
-311434
What is 111001 (base 3) in base 12?
254
Convert -111 (base 7) to base 4.
-321
What is -10000101111010 (base 2) in base 12?
-4b62
Convert 1329 (base 10) to base 2.
10100110001
What is 111110110 (base 2) in base 8?
766
1111001100010 (base 2) to base 11
5931
Convert -2792 (base 15) to base 4.
-2010032
40346 (base 7) to base 10
9785
What is -203 (base 8) in base 11?
-10a
What is -20222 (base 4) in base 5?
-4204
What is 200120210 (base 3) in base 8?
32354
Convert 201112 (base 3) to base 12.
37b
Convert 251 (base 14) to base 7.
1231
What is 17020 (base 8) in base 15?
2431
1032001 (base 4) to base 5
124433
Convert -190 (base 11) to base 7.
-433
Convert 4631 (base 16) to base 6.
215105
-17969 (base 10) to base 14
-6797
What is f1 (base 16) in base 12?
181
50bc (base 15) to base 7
100500
-32331 (base 5) to base 15
-9cb
What is 8a7 (base 12) in base 11?
a63
What is -11021 (base 3) in base 15?
-7a
What is 157 (base 12) in base 3?
21211
4545 (base 7) to base 11
1270
What is -3335 (base 6) in base 4?
-30023
Convert 13312001 (base 4) to base 3.
1122001222
What is 13777 (base 8) in base 15?
1c48
110110101001011 (base 2) to base 8
66513
Convert 11011 (base 2) to base 11.
25
What is -20145 (base 7) in base 6?
-34340
What is -827 (base 14) in base 2?
-11001000011
Convert -321 (base 11) to base 14.
-1d8
What is 3ba (base 13) in base 9?
813
43340 (base 6) to base 2
1011101001100
-4341 (base 7) to base 11
-1188
What is -244444 (base 5) in base 13?
-4361
What is -98 (base 15) in base 12?
-bb
-462 (base 12) to base 9
-802
What is 65 (base 10) in base 6?
145
What is 12053 (base 6) in base 2?
11011100001
What is -48b (base 14) in base 4?
-32023
-660 (base 12) to base 11
-781
Convert 6265 (base 16) to base 10.
25189
-4044 (base 5) to base 7
-1346
What is -211 (base 7) in base 2?
-1101010
-340320 (base 5) to base 14
-4504
Convert 7403 (base 8) to base 15.
1213
Convert 216 (base 16) to base 4.
20112
50 (base 12) to base 5
220
1405 (base 9) to base 8
2042
What is -2969 (base 10) in base 7?
-11441
Convert 0 (base 11) to base 7.
0
What is -64b (base 15) in base 4?
-112031
-3132 (base 8) to base 2
-11001011010
-11334 (base 6) to base 8
-3152
Convert 811 (base 9) to base 10.
658
-bd99 (base 14) to base 16
-8063
-1200103 (base 4) to base 13
-2a61
-76 (base 12) to base 2
-1011010
Convert 34233 (base 5) to base 4.
212023
22359 (base 10) to base 15
6959
-8958 (base 10) to base 5
-241313
Convert 448 (base 11) to base 14.
2a4
1315a (base 11) to base 13
8749
What is -7558 (base 10) in base 2?
-1110110000110
-1bc (base 16) to base 4
-12330
Convert -2783 (base 15) to base 14.
-3116
22412 (base 5) to base 9
2175
Convert 1c9a (base 15) to base 4.
1201030
What is -4500 (base 11) in base 5?
-142204
Convert -3412 (base 5) to base 9.
-585
Convert -1000000110 (base 2) to base 13.
-30b
Convert 17286 (base 9) to base 13.
5559
-2ff (base 16) to base 8
-1377
Convert -467 (base 8) to base 9.
-375
-11101000011 (base 2) to base 11
-1440
-6d (base 16) to base 14
-7b
102300033 (base 4) to base 3
10220101000
What is -10000010101001 (base 2) in base 14?
-3093
Convert 49584 (base 10) to base 2.
1100000110110000
9bb (base 13) to base 4
122023
Convert -15334 (base 7) to base 10.
-4288
Convert 5245 (base 7) to base 11.
1429
Convert -28aa (base 16) to base 15.
-3140
What is -13366 (base 10) in base 3?
-200100001
Convert -7097 (base 13) to base 5.
-444003
What is -330 (base 6) in base 12?
-a6
Convert 767 (base 12) to base 10.
1087
Convert 104 (base 5) to base 7.
41
What is -12100 (base 3) in base 15?
-99
Convert -1033 (base 4) to base 6.
-211
Convert 12010 (base 4) to base 3.
112101
What is -2104100 (base 5) in base 2?
-1000100001010100
102 (base 11) to base 12
a3
Convert 454040 (base 6) to base 3.
1221202220
Convert -3093 (base 11) to base 15.
-1330
-3dc (base 16) to base 14
-508
-29c (base 15) to base 13
-36c
Convert -1312545 (base 6) to base 13.
-26975
Convert 202123 (base 4) to base 10.
2203
1156 (base 11) to base 13
8c5
-248 (base 14) to base 5
-3311
What is 70a7 (base 15) in base 3?
1012121211
What is 102220 (base 3) in base 12?
229
6566 (base 7) to base 8
4457
-130 (base 11) to base 13
-bb
Convert 11021 (base 5) to base 16.
2